- 0) + (-19 - (-33 - -4)) + 0.
7
56 + -2 + -9 + (106 - 118)
33
What is (-1 - 55) + (-9 - (3 + 6 + -18 + 1))?
-57
What is the value of 75 + 74 + -88 + 64?
125
Calculate 3 - ((-2 - 6) + (-65 - -96) + -7).
-13
What is -35 + 39 + 3 + -63 - 7?
-63
Calculate (431 - 423) + (2 - 1) + (4 - 150) + -7.
-144
Calculate (159 - 167) + (-15 - 6) + 3.
-26
Evaluate 3 - (7 + -7 + 1) - (-6 + -12).
20
Evaluate (-7003 - -7036) + 2 + (2 - 58).
-21
What is the value of -351 + 335 + -4 + -1 + 26?
5
(-14 - (-1 + -2)) + -42 + 29
-24
2 - 28 - 0 - (49 - 53)
-22
Calculate 158 + -103 + (-2 - 16).
37
What is (0 - 21) + ((-16 - -18) + 12 - 9)?
-16
What is -4482 + 4487 + (33 - 0)?
38
What is (-6 - 17 - (-46 + (-30 - -68))) + 79?
64
16 + -123 + (10 - 14)
-111
Evaluate 1 - 44 - (2721 + -2819).
55
What is (-26 - (-21 + (36 - 37))) + -70?
-74
Evaluate -33 - ((-5 - -21) + -49 + 36).
-36
What is the value of 4 - (-20 + 41 - (-17 - -2 - -2))?
-30
Evaluate (81 - (28 - -6)) + 28.
75
What is the value of 6 - (21 - 9) - (3 + 94 + -6) - 9?
-106
What is -2 - (-1 + 4) - -23 - -6?
24
1 + 27 + 47 + -9 + -55
11
What is the value of 16 - (28 + 17 + 6 + -56) - (5 - -2)?
14
What is the value of 1 + -64 + (935 - 865) + 0 + 74 + 1?
82
Evaluate 7 + (-5 - -1) + (496 - 552).
-53
What is the value of (4 - (-39 - -1)) + -3 - (24 - (-11 - -32))?
36
Calculate -23 + 17 + 21 + (-5 + 0 - 59).
-49
-12 + -12 + (-5 + -7 - -34 - 3)
-5
Evaluate 141 + -50 + -19 + 28.
100
(-55 + 16 + -12 - -32) + -1
-20
What is the value of -24 + (37 - (87 - 51) - (0 + (-2 - 0)))?
-21
Calculate 13 + (-11 - -49) + -8.
43
What is the value of 137 + (-101 - -35) - 39?
32
What is the value of -5 + 3 + -7 - (-6 + 6 + -91)?
82
Evaluate 1 + (-22 - (-9 - 18)) - (-1 - -37).
-30
What is the value of 23 - -49 - (86 + -1)?
-13
Calculate -41 - (-54 + -72 + 37).
48
What is the value of -9 + 20 - (-11 - (2 + 8))?
32
Calculate 93 - (-109 - -136 - 6).
72
3 + (-8 - -14) + -27 - (22 - -27)
-67
(29 + 0 - 42 - (-16 + 1)) + (29 - 12)
19
Evaluate 5 + (27 + -29 - (-4 + 2)) + 74 - 13.
66
Evaluate (6 - 3 - 11) + 1154 + -1094.
52
What is the value of ((27 - 13) + 7 + -2 - 10) + -89?
-80
Calculate 14 + -10 + 28 + -49.
-17
What is the value of 16 + (9 - -2) + -25 - (-30 + 2)?
30
What is the value of 22 + (18 + -5 - 3) + 0?
32
What is the value of -6 - ((3 - 0) + -1) - -2 - (1140 - 1148)?
2
What is 21 - (3 + 93 + 32 + (-47 - -14))?
-74
-28 + 147 + -139 - (1 + -2 + 12)
-31
Evaluate 170 + (36 - 244) - (40 + -1).
-77
(43 - (71 + -21)) + (-14 - -1) - 5
-25
10 - (-2 + (6 - 4 - 4) + (-13 - 9))
36
-40 - 11 - -57 - (8 - (-43 - -7))
-38
What is the value of 723 + -751 - (-3 - 13)?
-12
Evaluate (76 - 30) + (-59 - 5).
-18
Calculate -75 - (-83 - -175 - 234).
67
Calculate 147 - (-35 + -44 + 249).
-23
What is the value of (41 - 48) + 56 + -73?
-24
17 + ((-21 - -28) + 33 - 21)
36
Evaluate 32 - (-10 + 6 + (12 - -14) + -14).
24
35 + -47 - (-13 + 23 + -6)
-16
What is the value of 19 + (-2 - (-14 + 25 + 20))?
-14
-22 + (39 - 54) + 25 + -7
-19
What is -1 - -3 - 0 - ((-24 - 5) + -119 + 264)?
-114
-39 + (16 - 17 - 4 - -21) - 10
-33
Calculate -3 - (-10 + 15) - 17 - (18 + -4).
-39
Evaluate -280 + 284 - ((11 - (3 - -6)) + -1 + -100).
103
-55 + (-8 - -52) + -63
-74
69 + 12 + -18 + 7 - (-3 + 1 - -8)
64
What is (1 - -7) + (1 + (-22 - -11 - -15) - 19)?
-6
What is 45 + -10 + -6 + -22 + 13 + -1?
19
Evaluate -188 + 271 + (-15 - -8 - 18).
58
What is the value of (2 - 13) + -140 + 145 + -8?
-14
What is the value of (-24 - 0) + (473 - 434) - 64?
-49
-5 + -8 + (29 - 15) + -20
-19
What is -32 - -74 - 13 - -14?
43
What is -10 + 53 - (28 + -17)?
32
32 + -31 + 63 + (3 - 13)
54
What is the value of (-40 - -72) + -19 + -6 - -63?
70
Evaluate (37 + (-20 - -41) - 16) + 48.
90
What is 11 - 0 - (48 + -3)?
-34
Calculate -85 + 10 + 66 - (4 + 2 + 61).
-76
Calculate 2 + 10 + (7 - 1) + 93 + (51 - 44).
118
What is -93 + (4 + (4 - 5 - 0) - (20 - 25))?
-85
Evaluate 0 + (35 - 32) + (-2 - (10 + -5)).
-4
(82 - 81) + (-8 + 4 + 2 - -6 - -42)
47
Calculate -66 - -14 - (-312 + 283).
-23
What is the value of -82 + (-15 - (-202 + 52))?
53
-11 - (-1 - -12 - ((-60 - -34) + 43)) - -78
73
Evaluate 13 + -1 + (13 + -1 - 0 - (3443 + -3483)).
64
What is the value of (-1378 - -1335) + (-9 - (0 + 5 - (1 + 1)))?
-55
25 + (-11 - 14) + 3 - (-2 + 2 + -50)
53
What is 231 - 258 - (-18 + 3)?
-12
What is -1 + -10 + 0 + (-47 - (-58 - (126 - 93)))?
33
-951 + 965 - (-4 - -3)
15
-32 - (114 + -20) - (-32 + 15)
-109
What is 40 - ((65 - -23) + -3)?
-45
Evaluate -36 + 157 + 73 - 82.
112
Calculate (-19 - 31) + 85 + -25.
10
(-1 - -17) + 10636 + -10747
-95
What is the value of 8 - (15 - -18) - -15 - -51?
41
What is 47 - (3 + 40 - (-317 + 353))?
40
What is (-4 - (-5 + 0 + (0 - 3 - 2))) + -9?
-3
What is the value of (5 - (12 - 22 - -8)) + -11 - 0?
-4
43 + 3 - (-369 + 434)
-19
What is the value of -310 + 300 - (66 + -8)?
-68
148 - 74 - (134 - -7)
-67
(12 - 28) + 16 + 3 + 18
21
Calculate (8 - -13) + (-18 - (9 + 4)) - (3 - 10).
-3
What is 9 + 22 + -39 + -23 + -2?
-33
-7 - (6 - (20 - 29) - 17)
-5
(14 + -6 + -13 + 55 - -7) + (35 - 35)
57
-5 + 2 + -50 + -7 + (-16 - -33)
-43
Calculate 33 + (8 + 47 - 43).
45
1 + ((-1 - -3) + -8 - 2) + -3 + 9
-1
Evaluate -113 + 264 + -143 - (-54 - (-1 + 0 - 0)).
61
Calculate -1 + 56 + (200 - 249).
6
What is the value of (-29 - -40) + -11 - 19 - 121 - (-11 + -1)?
-128
-34 + -18 + -26 + -10 + 37
-51
Calculate (-44 + -9 - 0) + 53.
0
-69 + 131 - (-5 + (7 - 16)) - -22
98
-4 - 1 - (134 - 93 - (6 + 0)) - 0
-40
80 + 61 + (-136 - -23)
28
-53 + 94 + -21 + -21
-1
Evaluate -70 + 2 + 4 + (-326 - -292) + (0 - 2).
-100
What is (30 + -9 - 16) + (-1 - 2) + (-1 - -23)?
24
Evaluate (51 + -16 - (0 - -3)) + 2 + -5.
29
Evaluate 3 + -5 - -5 - (232 + -162).
-67
What is -39 + (61 - 15) + (-3 - -5 - (-7 - 0))?
16
What is the value of 7 + 1 - (-15 - (19 - (5 + 28)))?
9
-70 + (-17 - -14) + 136
63
(36 + (0 - 0) - 1) + 15 + (-223 - -196)
23
-31 + -24 + (-2 - (12 + -31))
-38
What is -53 + 4 + -534 + 604?
21
What is the value of 10 + (2 - 7 - -13) - (41 - 51)?
28
(3 - (-19 + -2)) + (31 + (-20 - -18) - 22)
31
Calculate 35 - (37 + (-16 - 2)).
16
2 + -27 - (-833 + 777)
31
What is 41 + -154 + 57 - -16?
-40
4 + -7 + 16 - (577 + -608)
44
Evaluate (0 - -7 - (-40 - 12 - -96)) + -9.
-46
Evaluate 56 - 12 - (6 - -137).
-99
What is -87 + (46 + -16 - 3) - (-16 + -1)?
-43
194 + -207 + 26 + (7 - 1)
19
Evaluate 2 + (-9 - -7) + -66 + 2 - -7.
-57
Calculate -7 - (22 - (8 - 0) - (3 - -15)).
-3
Evaluate 42 + (-72 + 4 - -37).
11
What is the value of 1 + -3 + (-123 - -66) + 47?
-12
What is the value of (3 - 1) + -5 - (4 + -59)?
52
What is the value of -36 + (64 - -66) + -61?
33
Calculate -117 + (9 - -64) - 22.
-66
What is the value of (25 - -1) + (2276 - 2289) + (48 - 2)?
59
What is the value of 18 + 6 - -3 - 22 - 34?
-29
What is the value of 26 + -8 + -141 + 48?
-75
What is the value of 124 + -133 - (1 + 0 + -66)?
56
What is 15 - (15 + -11) - (-85 + (-5 - -8) - 2)?
95
Calculate (-9 - (0 - (-12 - (-14 + 4)))) + 1 + 36.
26
What is -33 + 62 + -17 - (-9 + -2)?
23
Evaluate 68 - (-25 + 72 + -17).
38
Calculate -55 + -186 + 142 + 81.
-18
What is the value of 54 + -51 + -4 + 1 + -13 - -55?
42
What is (7 - -1) + -2 + -237 + 247?
16
5 - (-12 - ((-10 + 13 - 38) + 11)) - 37
-44
What is the value of (56 - 39) + -228 + 191?
-20
What is 46 - (-11 + (1 - -14 - (32 - 42)))?
32
Calculate 103 + 17264 + -17270 + (1 + 0 - 8 - -1).
91
Evaluate (23 + -16 - 36) + 22 + 51.
44
Evaluate (2 + 1 - (-2 + 56 + 3)) + (-363 - -361).
-56
What is the value of -3 - (8 - 1) - (-57 - -46) - -99?
100
Evaluate -23 + -5 + -3 + -8.
-39
What is the value of (-2 + -32 - -31) + (-6 - (5 - 16)) + 114?
116
What is the value of (-37 - (7 - (-14 + 35)) - 1 - -10) + -136?
-150
What is the value of -206 + 197 - (-16 + 12 - 57)?
52
Evaluate 18 + -13 + (26 - 35).
-4
What is the value of -15 + 5 + -12 - (1104 + -1088)?
-38
Calculate 49 - -85 - (6 + 12 + 13).
103
Evaluate 15 + (14 + -16 - (11 - 2)) + 86.
90
-12 + 23 + 53 - 3 - 14
47
What is the value of -2 - -22 - (-72 + 106) - (-1 - 60)?
47
92 - (-73 - -129 - -94)
-58
Evaluate -4 - (-20 - -19 - (-2 - 2)) - (-4 - 13).
10
What is 6 - (-4 + (-1 - 57 - (-29 + 7 + 32)))?
78
Evaluate -34 + 132 + (-10 - -34 - 25).
97
Calculate (87 - 109 - (2 + -30)) + 64.
70
Calculate (58 - 117) + 4 + 40.
